 be 3 - (9/(-3) + -14). Suppose m + 3*m = b. Suppose 4*w + 36 = m*w. What are the prime factors of w?
2, 3
Suppose 0*v + 8 = 2*v. Suppose z + v*l + 4 = 2*l, -5*z + 22 = -4*l. Suppose 2*q - 12 + z = 0. What are the prime factors of q?
5
Let w = 127 + -124. What are the prime factors of (w - (1 - 1)) + 180/6?
3, 11
Let p = 52 - 56. Let j = 42 + p. List the prime factors of j.
2, 19
Suppose m - 1 = 0, 2*m + 5 = 5*a - 103. Let q = a + -16. Suppose -18 = -q*v + 5*v. What are the prime factors of v?
2, 3
Let g = 775 - 86. What are the prime factors of g?
13, 53
Let x(q) = -q**2 - 7*q - 8. Let p be x(-4). Suppose p*z - 9 = w, 0 = 3*w + 3. What are the prime factors of z?
2
Let c be 0/2 - (-2 - 352). Suppose 0 = -30*p + 32*p - c. List the prime factors of p.
3, 59
Suppose 0 = 2*i - 8 - 10. Suppose i*t - 4*t - 10 = 0. Suppose -m + 14 + 24 = t*v, 3*v = 5*m + 57. List the prime factors of v.
19
Suppose 200 = 5*k + 4*w, 0*k - 3*w = -k + 40. Suppose -k - 34 = -g. What are the prime factors of g?
2, 37
Let f(m) = -2*m - 29. Let g be f(-11). Let j be (2 + 0)*15/(-2). Let s = g - j. List the prime factors of s.
2
Let n(u) = 8*u**2 + 27*u + 18. Suppose -21*j = -7*j + 98. What are the prime factors of n(j)?
13, 17
Suppose 13*a - 3048 = 345. List the prime factors of a.
3, 29
Let m be (4/5)/(14/(-35)). List the prime factors of ((-5)/3)/(m/6).
5
Let q = 149 + -92. Let n = 101 - q. What are the prime factors of n?
2, 11
Let f(u) = -50*u - 40. Let i be f(-7). Suppose -z + 4*z + 2*j = 185, -5*z - 3*j + i = 0. List the prime factors of z.
5, 13
Let h = 178 + 34. Suppose -h = -5*c + c. What are the prime factors of c?
53
What are the prime factors of (64/48)/((-12)/(-315))?
5, 7
Let f = 2899 + -1497. List the prime factors of f.
2, 701
Suppose -3*c + 4164 = 3*u - 6*c, -2*u + 4*c = -2770. What are the prime factors of u?
13, 107
Let a be (5 - -2) + (0 - -1). What are the prime factors of (4/a + 1)*42?
3, 7
Let y = 1774 + -1182. List the prime factors of y.
2, 37
Suppose 182 = 3*o - k - 23, 16 = -4*k. What are the prime factors of o?
67
Suppose -5*d + 25 = 0, -4*o - 2*d + 112 - 418 = 0. List the prime factors of 1 - 1/1 - (o - 60).
139
Let y(v) = -4*v + 1. Let g(b) = -b + 1. Let k(h) = 4*g(h) + y(h). Let x be k(-5). Suppose -5*t + 20 = -x. List the prime factors of t.
13
Suppose -11*m + 10*m = 7. Let x(u) = -2*u - 7. Let z be x(m). List the prime factors of z*-1*240/(-28).
2, 3, 5
Suppose -4*j = 4*l + 44, l + 3*l - 3*j = -37. Let v be (0 - 34)*(-1 - 9/18). Let f = l + v. What are the prime factors of f?
41
Suppose 248 - 165 = f. What are the prime factors of f?
83
Let g be 4/(-6)*(-72)/48. Suppose -o = -2*n - 121, 0 = 2*n - 3 - g. What are the prime factors of o?
5
Let l be (-1 - -2)/((-1)/(-4)). Suppose l*k = 9*k - 465. Suppose -3*c - 5*u = -0*c - k, c - 31 = u. List the prime factors of c.
31
Let w = 51 - 31. Let g = 57 + w. Let o = g - 27. List the prime factors of o.
2, 5
Let n(f) = -f**2 - 7*f - 8. Let m be n(-4). Suppose -20 = m*d, 3*d = -l + 2*l - 44. List the prime factors of l.
29
Let k = 17 - 9. Let l be k*2/(8/3). List the prime factors of (-3 - 1)*(-57)/l.
2, 19
Let s(v) = v**3 - 4*v**2 - 13*v - 10. List the prime factors of s(7).
2, 23
Let r(q) = 5*q + 1. Let g be r(2). Let z(b) = b**2 - 19*b + 14. Let v be z(g). Let a = 111 + v. List the prime factors of a.
37
What are the prime factors of (-66 + 22)*(-2 - 7)?
2, 3, 11
Suppose 2362*n - 2547 = 2353*n. List the prime factors of n.
283
Let f(i) = -i**3 + 7*i**2 - 4*i - 8. Suppose -4*q + 1 = -5*q + 5*h, 17 = 5*q - 3*h. Let j be f(q). What are the prime factors of 104/j*(8 - -1)?
3, 13
Let y = 149 - 100. Suppose 471 = 4*w - y. What are the prime factors of w?
2, 5, 13
Suppose r = 5*r - 60. Let o = r - -16. List the prime factors of o.
31
Let g(f) = f. Let n(b) = -7*b + 1. Let m(a) = 2*a**2 - 1. Let y be m(-1). Let s(v) = y*n(v) + 6*g(v). List the prime factors of s(-4).
5
Suppose -5*w - 4*d + 780 = 0, w - 60 = 2*d + 110. List the prime factors of w.
2, 5
Suppose -5*d = 520 - 1940. List the prime factors of d.
2, 71
Let t be 5826/22 + (-6)/(-33). Suppose -5*w + 6 + 14 = 5*p, -25 = -4*p - w. Suppose t = -p*c + 12*c. What are the prime factors of c?
53
Suppose 10 = -z + 66. Let x = z + -27. List the prime factors of x.
29
Let p = 1267 - 679. Let f = p + -372. What are the prime factors of f?
2, 3
Let z(r) = 3*r**3 - r + 1. Let u(a) = -a**2 - 3*a + 2. Let n be u(-3). Let x be z(n). Suppose -3*p = -4*l - x - 57, 6 = -3*l. What are the prime factors of p?
2, 3
Suppose -x + 3*s = -347, -3*x - 3*s + 1313 = x. List the prime factors of x.
2, 83
Let s = 23 + -19. Let f(m) = -22 - m - 3 + s + 6*m. What are the prime factors of f(6)?
3
Let u(t) = -27*t + 2*t**2 + 24*t + 2 - t**2. Let d be u(2). Suppose d = -3*w + 51 + 6. List the prime factors of w.
19
Let l = 786 - 306. Suppose -4*h + 8*h = l. Suppose 2*u = p + 10 + 38, -2*p + h = 5*u. List the prime factors of u.
2, 3
Let a be (-8)/32*(2 - 2). Suppose a*u + u = 36. List the prime factors of u.
2, 3
Let v = -3 + 7. Suppose -7 - 1 = v*u. What are the prime factors of (-13)/(-2) - u/(-4)?
2, 3
Let w(a) = 45*a - 15. Let y be w(6). Let o = y + -146. What are the prime factors of o?
109
Suppose 32*d - 27*d = 15. Suppose -d*g = -91 - 149. List the prime factors of g.
2, 5
Let v be (13/4 + -2)/((-7)/(-28)). Suppose -4*m + 144 = -4*z, -28 = -m + v*z - 4. What are the prime factors of m?
3, 13
Let r be (-3)/2 - (-33)/6. Let w be ((-18)/r)/(1/(-10)). Suppose 5*c + 5*z = w, -4*z + 0*z + 29 = 3*c. List the prime factors of c.
7
Suppose 3*n + 4*r = -0*r + 1616, -n + 541 = -r. What are the prime factors of n?
2, 3, 5
Let c = -17 + 18. Let j(n) = c - 2 - 6 - 4*n + 4*n**2 - 3*n**2. What are the prime factors of j(8)?
5
Let g(n) = 86*n - 53. What are the prime factors of g(7)?
3, 61
Suppose 665 = 5*v + 3*o, -24*o + 532 = 4*v - 19*o. List the prime factors of v.
7, 19
Let c(n) = n + 7. Let i be c(-8). Let o = i + -1. What are the prime factors of 3 + -2 + 3 + o?
2
Suppose -4*c - 10 = -9*c. Suppose 0 = -c*u - 2*u + 824. Suppose 71 = -5*k + u. What are the prime factors of k?
3
List the prime factors of 66/165 - (25119/5)/(-3).
5, 67
Let p = -1454 + 2208. List the prime factors of p.
2, 13, 29
Suppose -189*f - 2448 = -207*f. List the prime factors of f.
2, 17
Suppose 5*o + 11 = 3*g, 0 = 4*g - 0*o - 2*o - 24. Suppose -g - 18 = 5*y. Let f(z) = -2*z - 7. What are the prime factors of f(y)?
3
Let i be 51/(-6) + (-6)/(-12). List the prime factors of 30 - i/(1 - 5).
2, 7
List the prime factors of -75 - -341 - (1 + -4).
269
Suppose -p = -0*v + 4*v + 12, -p - 2*v - 16 = 0. Let t be ((-1)/(-5))/((-4)/p). What are the prime factors of (t - (-14)/(-10))*-65?
2, 13
Let o(f) = f**2 - 9*f - 10. Let l be o(10). Let i(h) = h - 9. Let t be i(l). Let w = t - -11. What are the prime factors of w?
2
Suppose 0*l - 3*z - 637 = -4*l, -5*l + 2*z + 798 = 0. Let f = -88 + l. List the prime factors of f.
2, 3
Suppose -2514 = -11*p + 3272. What are the prime factors of p?
2, 263
Suppose 3*b + 2 = 2*m, -m + 2 = -2*b + m. Suppose 3*j - 54 = 3*p, p - 70 = -3*j - b*j. List the prime factors of j.
2, 11
Let t(i) = i**3 + 6*i**2 - 4*i - 10. Let f be t(-6). Let m be -3*(-1 + 50/6). List the prime factors of m/77 - (-382)/f.
3
Let x = 5 + -2. Let m(a) = 2*a**2 - a - 7. Let n be m(x). What are the prime factors of 4/(n/(-6)) + 9?
2, 3
Suppose -5*v - 3*o - 447 = 0, o = 2*v - 3*v - 91. Let u = v - -129. What are the prime factors of u?
2, 3, 7
Suppose -8*l = 8*l - 17520. What are the prime factors of l?
3, 5, 73
Let y be (2 - 17)*4/(-3). Suppose -5*k + y = 10. Suppose -k*s - 10 = 0, i = -s + 6*s + 37. List the prime factors of i.
2, 3
Let c be (-3 - 0) + (6 - -6). Let k = 95 + -233. What are the prime factors of (-4)/(-6) - k/c?
2
Suppose 3*s + 0*s = 18. Suppose k = s*k + 10. What are the prime factors of k - (-4 - -1) - -15?
2
Let t(m) = m**2 - 1. Let c(q) = -q**3 - 3*q**2 - 7*q - 9. Let z(n) = -c(n) + 4*t(n). What are the prime factors of z(-5)?
2, 5
List the prime factors of 562*(18 + -10 - 4).
2, 281
Let r = 28 - 47. Let p(g) = -g**2 - 20*g + 21. What are the prime factors of p(r)?
2, 5
Suppose 0*d - 4*d = -500. Let p = d + -75. List the prime factors of p.
2, 5
Let v be 3*-20*(-1)/6. Let h be v/(-25) + (-51)/(-15). Sup